{"id":10032,"date":"2022-07-12T09:17:56","date_gmt":"2022-07-12T09:17:56","guid":{"rendered":"http:\/\/aytocastillodelocubin.org\/?page_id=10032"},"modified":"2022-12-05T09:52:48","modified_gmt":"2022-12-05T09:52:48","slug":"modificaciones-presupuestarias-2022","status":"publish","type":"page","link":"https:\/\/aytocastillodelocubin.org\/?page_id=10032","title":{"rendered":"MODIFICACIONES PRESUPUESTARIAS 2022"},"content":{"rendered":"<table style=\"border-collapse: collapse; width: 100.606%;\">\n<tbody>\n<tr>\n<td style=\"width: 101.088%; text-align: center;\" colspan=\"6\"><strong><span style=\"color: #993366;\">CREDITO EXTRAORDINARIO Y SUPLEMENTO DE CREDITO N\u00ba 1\/2022<\/span><\/strong><\/td>\n<\/tr>\n<tr>\n<td style=\"width: 90.5462%;\" colspan=\"5\">Providencia de Alcald\u00eda e Informe de Intervenci\u00f3n<\/td>\n<td style=\"width: 9.33735%;\"><a href=\"https:\/\/aytocastillodelocubin.org\/wp-content\/uploads\/2022\/07\/2022-Expediente-Modificacion-por-CREDITOS-EXTRAORDINARIOS-Y-SUPLEMENTOS-DE-CREDITO-FINANCIADOS-CON-REMANENTE-TESORERIA-No-1-1.pdf\" target=\"_blank\" rel=\"noopener noreferrer\"><img loading=\"lazy\" decoding=\"async\" class=\"size-full wp-image-8593 aligncenter\" src=\"https:\/\/aytocastillodelocubin.org\/wp-content\/uploads\/2021\/07\/imagen_pdf.gif\" alt=\"\" width=\"32\" height=\"32\" \/><\/a><\/td>\n<\/tr>\n<tr>\n<td style=\"width: 90.5462%;\" colspan=\"5\">Publicaci\u00f3n provisional<\/td>\n<td style=\"width: 9.33735%;\"><a href=\"https:\/\/aytocastillodelocubin.org\/wp-content\/uploads\/2022\/07\/BOP-2022-3304-APROBACION-INICIAL-EXPEDIENTE-MODIFICACION-PRESUPUESTARIA-1-CREDITO-EXTRAORDINARIO.pdf\" target=\"_blank\" rel=\"noopener noreferrer\"><img loading=\"lazy\" decoding=\"async\" class=\"size-full wp-image-8593 aligncenter\" src=\"https:\/\/aytocastillodelocubin.org\/wp-content\/uploads\/2021\/07\/imagen_pdf.gif\" alt=\"\" width=\"32\" height=\"32\" \/><\/a><\/td>\n<\/tr>\n<tr>\n<td style=\"width: 90.5462%;\" colspan=\"5\">Publicaci\u00f3n definitiva<\/td>\n<td style=\"width: 9.33735%;\"><a href=\"https:\/\/aytocastillodelocubin.org\/wp-content\/uploads\/2022\/08\/aprobacion-definitiva-modificacion-presupuestaria.pdf\" target=\"_blank\" rel=\"noopener noreferrer\"><img loading=\"lazy\" decoding=\"async\" class=\"size-full wp-image-8593 aligncenter\" src=\"https:\/\/aytocastillodelocubin.org\/wp-content\/uploads\/2021\/07\/imagen_pdf.gif\" alt=\"\" width=\"32\" height=\"32\" \/><\/a><\/td>\n<\/tr>\n<\/tbody>\n<\/table>\n<p>&nbsp;<\/p>\n<table style=\"border-collapse: collapse; width: 100.606%;\">\n<tbody>\n<tr>\n<td style=\"width: 101.088%; text-align: center;\" colspan=\"6\"><strong><span style=\"color: #993366;\">CREDITO EXTRAORDINARIO Y SUPLEMENTO DE CREDITO N\u00ba 2\/2022<\/span><\/strong><\/td>\n<\/tr>\n<tr>\n<td style=\"width: 90.5462%;\" colspan=\"5\">Providencia de Alcald\u00eda e Informe de Intervenci\u00f3n<\/td>\n<td style=\"width: 9.33735%;\"><a href=\"https:\/\/aytocastillodelocubin.org\/wp-content\/uploads\/2022\/10\/EXPEDIENTE-COMPLETO.pdf\" target=\"_blank\" rel=\"noopener noreferrer\"><img loading=\"lazy\" decoding=\"async\" class=\"size-full wp-image-8593 aligncenter\" src=\"https:\/\/aytocastillodelocubin.org\/wp-content\/uploads\/2021\/07\/imagen_pdf.gif\" alt=\"\" width=\"32\" height=\"32\" \/><\/a><\/td>\n<\/tr>\n<tr>\n<td style=\"width: 90.5462%;\" colspan=\"5\">Publicaci\u00f3n provisional<\/td>\n<td style=\"width: 9.33735%;\"><a href=\"https:\/\/aytocastillodelocubin.org\/wp-content\/uploads\/2022\/11\/BOP-2022-4741-provisional-modificacion-02-2022-1.pdf\" target=\"_blank\" rel=\"noopener noreferrer\"><img loading=\"lazy\" decoding=\"async\" class=\"size-full wp-image-8593 aligncenter\" src=\"https:\/\/aytocastillodelocubin.org\/wp-content\/uploads\/2021\/07\/imagen_pdf.gif\" alt=\"\" width=\"32\" height=\"32\" \/><\/a><\/td>\n<\/tr>\n<tr>\n<td style=\"width: 90.5462%;\" colspan=\"5\">Publicaci\u00f3n definitiva<\/td>\n<td style=\"width: 9.33735%;\"><a href=\"https:\/\/aytocastillodelocubin.org\/wp-content\/uploads\/2022\/11\/BOP-MODIFICACION-PPTARIA-No-2-2.pdf\" target=\"_blank\" rel=\"noopener noreferrer\"><img loading=\"lazy\" decoding=\"async\" class=\"size-full wp-image-8593 aligncenter\" src=\"https:\/\/aytocastillodelocubin.org\/wp-content\/uploads\/2021\/07\/imagen_pdf.gif\" alt=\"\" width=\"32\" height=\"32\" \/><\/a><\/td>\n<\/tr>\n<\/tbody>\n<\/table>\n<p>&nbsp;<br \/>\n&nbsp;<\/p>\n<table style=\"border-collapse: collapse; width: 100.606%;\">\n<tbody>\n<tr>\n<td style=\"width: 101.088%; text-align: center;\" colspan=\"6\"><strong><span style=\"color: #993366;\">CREDITO EXTRAORDINARIO Y SUPLEMENTO DE CREDITO N\u00ba 3\/2022<\/span><\/strong><\/td>\n<\/tr>\n<tr>\n<td style=\"width: 90.5462%;\" colspan=\"5\">Providencia de Alcald\u00eda e Informe de Intervenci\u00f3n<\/td>\n<td style=\"width: 9.33735%;\"><a href=\"https:\/\/aytocastillodelocubin.org\/wp-content\/uploads\/2022\/12\/EXPEDIENTE-COMPLETO-CE-Y-SC-No-3-PORTAL-TRANSPARENCIA.pdf\" target=\"_blank\" rel=\"noopener noreferrer\"><img loading=\"lazy\" decoding=\"async\" class=\"size-full wp-image-8593 aligncenter\" src=\"https:\/\/aytocastillodelocubin.org\/wp-content\/uploads\/2021\/07\/imagen_pdf.gif\" alt=\"\" width=\"32\" height=\"32\" \/><\/a><\/td>\n<\/tr>\n<tr>\n<td style=\"width: 90.5462%;\" colspan=\"5\">Publicaci\u00f3n provisional<\/td>\n<td style=\"width: 9.33735%;\"><a href=\"https:\/\/aytocastillodelocubin.org\/wp-content\/uploads\/2022\/12\/bop-modifcacion-de-credito-numero-3.pdf\" target=\"_blank\" rel=\"noopener noreferrer\"><img loading=\"lazy\" decoding=\"async\" class=\"size-full wp-image-8593 aligncenter\" src=\"https:\/\/aytocastillodelocubin.org\/wp-content\/uploads\/2021\/07\/imagen_pdf.gif\" alt=\"\" width=\"32\" height=\"32\" \/><\/a><\/td>\n<\/tr>\n<tr>\n<td style=\"width: 90.5462%;\" colspan=\"5\">Publicaci\u00f3n definitiva<\/td>\n<td style=\"width: 9.33735%;\"><a href=\"\" target=\"_blank\" rel=\"noopener noreferrer\"><img loading=\"lazy\" decoding=\"async\" class=\"size-full wp-image-8593 aligncenter\" src=\"https:\/\/aytocastillodelocubin.org\/wp-content\/uploads\/2021\/07\/imagen_pdf.gif\" alt=\"\" width=\"32\" height=\"32\" \/><\/a><\/td>\n<\/tr>\n<\/tbody>\n<\/table>\n<p>&nbsp;<br \/>\n&nbsp;<\/p>\n<table style=\"border-collapse: collapse; width: 100.606%;\">\n<tbody>\n<tr>\n<td style=\"width: 101.088%; text-align: center;\" colspan=\"6\"><strong><span style=\"color: #993366;\">CREDITO EXTRAORDINARIO Y SUPLEMENTO DE CREDITO N\u00ba 4\/2022<\/span><\/strong><\/td>\n<\/tr>\n<tr>\n<td style=\"width: 90.5462%;\" colspan=\"5\">Providencia de Alcald\u00eda e Informe de Intervenci\u00f3n<\/td>\n<td style=\"width: 9.33735%;\"><a href=\"https:\/\/aytocastillodelocubin.org\/wp-content\/uploads\/2022\/12\/EXPEDIENTE-COMPLETO-MODIF-No-4-SC-PORTAL-TRANSPARENCIA.pdf\" target=\"_blank\" rel=\"noopener noreferrer\"><img loading=\"lazy\" decoding=\"async\" class=\"size-full wp-image-8593 aligncenter\" src=\"https:\/\/aytocastillodelocubin.org\/wp-content\/uploads\/2021\/07\/imagen_pdf.gif\" alt=\"\" width=\"32\" height=\"32\" \/><\/a><\/td>\n<\/tr>\n<tr>\n<td style=\"width: 90.5462%;\" colspan=\"5\">Publicaci\u00f3n provisional<\/td>\n<td style=\"width: 9.33735%;\"><a href=\"https:\/\/aytocastillodelocubin.org\/wp-content\/uploads\/2022\/12\/bop-modificacion-credito-numero-4.pdf\" target=\"_blank\" rel=\"noopener noreferrer\"><img loading=\"lazy\" decoding=\"async\" class=\"size-full wp-image-8593 aligncenter\" src=\"https:\/\/aytocastillodelocubin.org\/wp-content\/uploads\/2021\/07\/imagen_pdf.gif\" alt=\"\" width=\"32\" height=\"32\" \/><\/a><\/td>\n<\/tr>\n<tr>\n<td style=\"width: 90.5462%;\" colspan=\"5\">Publicaci\u00f3n definitiva<\/td>\n<td style=\"width: 9.33735%;\"><a href=\"\" target=\"_blank\" rel=\"noopener noreferrer\"><img loading=\"lazy\" decoding=\"async\" class=\"size-full wp-image-8593 aligncenter\" src=\"https:\/\/aytocastillodelocubin.org\/wp-content\/uploads\/2021\/07\/imagen_pdf.gif\" alt=\"\" width=\"32\" height=\"32\" \/><\/a><\/td>\n<\/tr>\n<\/tbody>\n<\/table>\n<p>&nbsp;<\/p>\n","protected":false},"excerpt":{"rendered":"<p>CREDITO EXTRAORDINARIO Y SUPLEMENTO DE CREDITO N\u00ba 1\/2022 Providencia de Alcald\u00eda e Informe de Intervenci\u00f3n Publicaci\u00f3n provisional Publicaci\u00f3n definitiva &nbsp; CREDITO EXTRAORDINARIO Y SUPLEMENTO DE CREDITO N\u00ba 2\/2022 Providencia de Alcald\u00eda e Informe de Intervenci\u00f3n Publicaci\u00f3n provisional Publicaci\u00f3n definitiva &nbsp; &nbsp; CREDITO EXTRAORDINARIO Y SUPLEMENTO DE CREDITO N\u00ba 3\/2022 Providencia de Alcald\u00eda e Informe de [&hellip;]<\/p>\n","protected":false},"author":5,"featured_media":0,"parent":0,"menu_order":0,"comment_status":"closed","ping_status":"closed","template":"","meta":{"footnotes":""},"_links":{"self":[{"href":"https:\/\/aytocastillodelocubin.org\/index.php?rest_route=\/wp\/v2\/pages\/10032"}],"collection":[{"href":"https:\/\/aytocastillodelocubin.org\/index.php?rest_route=\/wp\/v2\/pages"}],"about":[{"href":"https:\/\/aytocastillodelocubin.org\/index.php?rest_route=\/wp\/v2\/types\/page"}],"author":[{"embeddable":true,"href":"https:\/\/aytocastillodelocubin.org\/index.php?rest_route=\/wp\/v2\/users\/5"}],"replies":[{"embeddable":true,"href":"https:\/\/aytocastillodelocubin.org\/index.php?rest_route=%2Fwp%2Fv2%2Fcomments&post=10032"}],"version-history":[{"count":17,"href":"https:\/\/aytocastillodelocubin.org\/index.php?rest_route=\/wp\/v2\/pages\/10032\/revisions"}],"predecessor-version":[{"id":10567,"href":"https:\/\/aytocastillodelocubin.org\/index.php?rest_route=\/wp\/v2\/pages\/10032\/revisions\/10567"}],"wp:attachment":[{"href":"https:\/\/aytocastillodelocubin.org\/index.php?rest_route=%2Fwp%2Fv2%2Fmedia&parent=10032"}],"curies":[{"name":"wp","href":"https:\/\/api.w.org\/{rel}","templated":true}]}}