{"id":17,"date":"2017-05-16T10:41:33","date_gmt":"2017-05-16T10:41:33","guid":{"rendered":"http:\/\/aytocastillodelocubin.org\/?page_id=17"},"modified":"2023-10-24T11:36:11","modified_gmt":"2023-10-24T11:36:11","slug":"corporacion-municipal","status":"publish","type":"page","link":"https:\/\/aytocastillodelocubin.org\/?page_id=17","title":{"rendered":"Corporaci\u00f3n Municipal"},"content":{"rendered":"<p>Tras las pasadas elecciones municipales, celebradas el d\u00eda 17 de Junio de 2023, la Corporaci\u00f3n Municipal queda constituida, para la legislatura 2023\/2027, de la siguiente manera:<\/p>\n<h2>Alcalde-Presidente<\/h2>\n<ul>\n<li>D. Crist\u00f3bal Rodr\u00edguez Gallardo <em>(Grupo Municipal del PSOE). Concejal de <a href=\"https:\/\/aytocastillodelocubin.org\/?page_id=2776\">Urbanismo, Empleo, Emprendimiento, Desarrollo Econ\u00f3mico Local y y Recursos Humanos<\/a><\/em><\/li>\n<\/ul>\n<h2>Concejales Corporaci\u00f3n Municipal<\/h2>\n<h4><img loading=\"lazy\" decoding=\"async\" class=\" wp-image-1090 alignleft\" src=\"https:\/\/aytocastillodelocubin.org\/wp-content\/uploads\/2017\/05\/PSOE-logo.png\" alt=\"\" width=\"99\" height=\"47\" \/><\/h4>\n<h4><\/h4>\n<h5>Grupo Municipal del Partido Socialista Obrero Espa\u00f1ol<\/h5>\n<ul>\n<li>D\u00aa. Rosa Mar\u00eda L\u00f3pez Coello. Teniente Alcalde. Concejala de <a href=\"https:\/\/aytocastillodelocubin.org\/?page_id=2782\">Hacienda, Educaci\u00f3n, Servicios Sociales, Mayores, Igualdad, Participaci\u00f3n Ciudadana, Transparencia y Salud.<\/a><\/li>\n<li>D. Jes\u00fas Castillo L\u00f3pez. Alcalde Ped\u00e1neo de las Ventas del Carrizal. Concejal de Seguridad Ciudadana y Vial y Gesti\u00f3n de las Ventas del Carrizal y Anejos.<\/li>\n<li>D\u00aa. M\u00aa del Mar Navas L\u00f3pez. Concejala de <a href=\"https:\/\/aytocastillodelocubin.org\/?page_id=2790\">Turismo, Cultura, Festejos y Patrimonio<\/a>.<\/li>\n<li>D. Jos\u00e9 M. Aranda Puerma. Concejal de <a href=\"https:\/\/aytocastillodelocubin.org\/?page_id=2779\">Obras, Servicios P\u00fablicos, Ordenaci\u00f3n del Territorio, \u00c1rea de Agricultura y Medio Ambiente.<\/a><\/li>\n<li>D. Jose Mar\u00eda P\u00e9rez Cort\u00e9s. Concejal de <a href=\"https:\/\/aytocastillodelocubin.org\/?page_id=31\">Deportes, Nuevas Tecnolog\u00edas y Juventud<\/a>.<\/li>\n<\/ul>\n<h4><img loading=\"lazy\" decoding=\"async\" class=\"size-full wp-image-1089 alignleft\" src=\"https:\/\/aytocastillodelocubin.org\/wp-content\/uploads\/2017\/05\/PP-logo.png\" alt=\"\" width=\"148\" height=\"47\" \/><\/h4>\n<h4><\/h4>\n<h4><\/h4>\n<h5>Grupo Municipal del Partido Popular<\/h5>\n<ul>\n<li>D\u00aa. Eva Mar\u00eda S\u00e1nchez Castillo<\/li>\n<li>D. Francisco Jos\u00e9 Castillo Rosales<\/li>\n<li>D. Gabriel Jim\u00e9nez S\u00e1nchez<\/li>\n<li>M\u00aa Carmen Jim\u00e9nez Rold\u00e1n<\/li>\n<li>Manuela Barranco Olmo<\/li>\n<\/ul>\n","protected":false},"excerpt":{"rendered":"<p>Tras las pasadas elecciones municipales, celebradas el d\u00eda 17 de Junio de 2023, la Corporaci\u00f3n Municipal queda constituida, para la legislatura 2023\/2027, de la siguiente manera: Alcalde-Presidente D. Crist\u00f3bal Rodr\u00edguez Gallardo (Grupo Municipal del PSOE). Concejal de Urbanismo, Empleo, Emprendimiento, Desarrollo Econ\u00f3mico Local y y Recursos Humanos Concejales Corporaci\u00f3n Municipal Grupo Municipal del Partido Socialista [&hellip;]<\/p>\n","protected":false},"author":1,"featured_media":1613,"parent":0,"menu_order":0,"comment_status":"closed","ping_status":"closed","template":"","meta":{"footnotes":""},"_links":{"self":[{"href":"https:\/\/aytocastillodelocubin.org\/index.php?rest_route=\/wp\/v2\/pages\/17"}],"collection":[{"href":"https:\/\/aytocastillodelocubin.org\/index.php?rest_route=\/wp\/v2\/pages"}],"about":[{"href":"https:\/\/aytocastillodelocubin.org\/index.php?rest_route=\/wp\/v2\/types\/page"}],"author":[{"embeddable":true,"href":"https:\/\/aytocastillodelocubin.org\/index.php?rest_route=\/wp\/v2\/users\/1"}],"replies":[{"embeddable":true,"href":"https:\/\/aytocastillodelocubin.org\/index.php?rest_route=%2Fwp%2Fv2%2Fcomments&post=17"}],"version-history":[{"count":20,"href":"https:\/\/aytocastillodelocubin.org\/index.php?rest_route=\/wp\/v2\/pages\/17\/revisions"}],"predecessor-version":[{"id":11646,"href":"https:\/\/aytocastillodelocubin.org\/index.php?rest_route=\/wp\/v2\/pages\/17\/revisions\/11646"}],"wp:featuredmedia":[{"embeddable":true,"href":"https:\/\/aytocastillodelocubin.org\/index.php?rest_route=\/wp\/v2\/media\/1613"}],"wp:attachment":[{"href":"https:\/\/aytocastillodelocubin.org\/index.php?rest_route=%2Fwp%2Fv2%2Fmedia&parent=17"}],"curies":[{"name":"wp","href":"https:\/\/api.w.org\/{rel}","templated":true}]}}