{"id":2195,"date":"2017-10-13T10:27:37","date_gmt":"2017-10-13T10:27:37","guid":{"rendered":"http:\/\/aytocastillodelocubin.org\/?page_id=2195"},"modified":"2021-06-10T11:31:38","modified_gmt":"2021-06-10T11:31:38","slug":"fiesta-de-la-cereza-2003","status":"publish","type":"page","link":"https:\/\/aytocastillodelocubin.org\/?page_id=2195","title":{"rendered":"Fiesta de la Cereza 2003"},"content":{"rendered":"<p><a href=\"https:\/\/aytocastillodelocubin.org\/wp-content\/uploads\/2021\/06\/F.-Cereza-2003..pdf\" target=\"_blank\" rel=\"noopener noreferrer\">Fiesta de La Cereza 2003<\/a><\/p>\n<p><a href=\"https:\/\/aytocastillodelocubin.org\/wp-content\/uploads\/2017\/10\/PREGON-2003-MARIA-JOSE-ROMERO-MEDINA.pdf\">Preg\u00f3n 2003 Mar\u00eda Jos\u00e9 Romero Medina XX<\/a><\/p>\n","protected":false},"excerpt":{"rendered":"<p>Fiesta de La Cereza 2003 Preg\u00f3n 2003 Mar\u00eda Jos\u00e9 Romero Medina XX<\/p>\n","protected":false},"author":1,"featured_media":2157,"parent":0,"menu_order":0,"comment_status":"closed","ping_status":"closed","template":"","meta":{"footnotes":""},"_links":{"self":[{"href":"https:\/\/aytocastillodelocubin.org\/index.php?rest_route=\/wp\/v2\/pages\/2195"}],"collection":[{"href":"https:\/\/aytocastillodelocubin.org\/index.php?rest_route=\/wp\/v2\/pages"}],"about":[{"href":"https:\/\/aytocastillodelocubin.org\/index.php?rest_route=\/wp\/v2\/types\/page"}],"author":[{"embeddable":true,"href":"https:\/\/aytocastillodelocubin.org\/index.php?rest_route=\/wp\/v2\/users\/1"}],"replies":[{"embeddable":true,"href":"https:\/\/aytocastillodelocubin.org\/index.php?rest_route=%2Fwp%2Fv2%2Fcomments&post=2195"}],"version-history":[{"count":6,"href":"https:\/\/aytocastillodelocubin.org\/index.php?rest_route=\/wp\/v2\/pages\/2195\/revisions"}],"predecessor-version":[{"id":8277,"href":"https:\/\/aytocastillodelocubin.org\/index.php?rest_route=\/wp\/v2\/pages\/2195\/revisions\/8277"}],"wp:featuredmedia":[{"embeddable":true,"href":"https:\/\/aytocastillodelocubin.org\/index.php?rest_route=\/wp\/v2\/media\/2157"}],"wp:attachment":[{"href":"https:\/\/aytocastillodelocubin.org\/index.php?rest_route=%2Fwp%2Fv2%2Fmedia&parent=2195"}],"curies":[{"name":"wp","href":"https:\/\/api.w.org\/{rel}","templated":true}]}}