{"id":2776,"date":"2018-01-29T16:29:56","date_gmt":"2018-01-29T16:29:56","guid":{"rendered":"http:\/\/aytocastillodelocubin.org\/?page_id=2776"},"modified":"2023-10-24T11:26:47","modified_gmt":"2023-10-24T11:26:47","slug":"urbanismo-empleo-emprendimiento-y-desarrollo-economico-local","status":"publish","type":"page","link":"https:\/\/aytocastillodelocubin.org\/?page_id=2776","title":{"rendered":"Urbanismo, Empleo, Emprendimiento, Desarrollo Econ\u00f3mico Local y y Recursos Humanos"},"content":{"rendered":"<h4 style=\"text-align: center;\"><span style=\"color: #000000;\"><strong>\u00c1rea de Urbanismo<\/strong><\/span><\/h4>\n<p><span style=\"color: #a1003b;\">El \u00c1rea de Urbanismo tiene como principal cometido facilitar las gestiones y resolver los problemas que se plantean en la ordenaci\u00f3n del t\u00e9rmino municipal.<\/span><\/p>\n<span class=\"collapseomatic \" id=\"id69e8828f2b0b9\"  tabindex=\"0\" title=\"&lt;strong&gt;Funciones&lt;\/strong&gt;\"    ><strong>Funciones<\/strong><\/span><div id=\"target-id69e8828f2b0b9\" class=\"collapseomatic_content \">\n<ul>\n<li>Planificaci\u00f3n del territorio, gesti\u00f3n urban\u00edstica para mejorar nuestro pueblo mediante una transformaci\u00f3n justa y equilibrada del mismo e intervenci\u00f3n en el uso y en el mercado del suelo.<\/li>\n<li>Protecci\u00f3n y potenciaci\u00f3n de nuestro patrimonio arquitect\u00f3nico, hist\u00f3rico, monumental y medioambiental.<\/li>\n<li>Conservaci\u00f3n y rehabilitaci\u00f3n de edificios municipales.<\/li>\n<li>Gesti\u00f3n y control de Obras Municipales.<\/li>\n<li>Gesti\u00f3n y asesoramiento de planes de vivienda y rehabilitaci\u00f3n.<\/li>\n<li>Licencias Urban\u00edsticas de Obras.<\/li>\n<li>Renovaci\u00f3n zonas urbanas y periurbanas.<\/li>\n<li>Mantenimiento de viales p\u00fablicos urbanos y caminos p\u00fablicos.<\/li>\n<\/ul>\n<\/div>\n<h4 style=\"text-align: center;\"><span style=\"color: #000000;\"><strong>\u00c1rea de <span style=\"color: #000000;\">Empleo, Emprendimiento y Desarrollo Econ\u00f3mico Local<\/span><\/strong><\/span><\/h4>\n<p><span style=\"color: #a1003b;\">El \u00c1rea de Empleo, Emprendimiento y Desarrollo Econ\u00f3mico Local tiene como fin acometer todas aquellas actuaciones destinadas a planificar y desarrollar una actividad productiva, comercial y emprendedora.<\/span><\/p>\n<span class=\"collapseomatic \" id=\"id69e8828f2b14c\"  tabindex=\"0\" title=\"&lt;strong&gt;Funciones&lt;\/strong&gt;\"    ><strong>Funciones<\/strong><\/span><div id=\"target-id69e8828f2b14c\" class=\"collapseomatic_content \">\n<ul>\n<li>Planificar y desarrollar la pol\u00edtica municipal de desarrollo en el actual marco socioecon\u00f3mico.<\/li>\n<li>Dar respuesta a la ciudadan\u00eda en materia de empleo a trav\u00e9s de la puesta en marcha de planes formativos, servicio de orientaci\u00f3n, planes de empleo, etc.<\/li>\n<li>Dotar a los emprendedores de espacios para desarrollar su actividad como el vivero de empresas municipal.<\/li>\n<li>Asesorar en sus proyectos a los emprendedores para la puesta en marcha y consolidaci\u00f3n de sus empresas en el mercado.<\/li>\n<li>Identificar y valorar los recursos locales existentes, creando un espacio adecuado para el desarrollo dela actividad comercial, productiva, etc.<\/li>\n<li>Puesta en marcha de programas para luchar contra el desempleo<\/li>\n<li>Promoci\u00f3n de las pol\u00edticas activas de empleo y del trabajo cooperativo.<\/li>\n<li>Programas de Empleo y convenios para trabajar en el Ayuntamiento como alumnos en pr\u00e1cticas, becarios, trabajadores a trav\u00e9s de los diversos programas, etc.<\/li>\n<\/ul>\n<\/div>\n","protected":false},"excerpt":{"rendered":"<p>\u00c1rea de Urbanismo El \u00c1rea de Urbanismo tiene como principal cometido facilitar las gestiones y resolver los problemas que se plantean en la ordenaci\u00f3n del t\u00e9rmino municipal. \u00c1rea de Empleo, Emprendimiento y Desarrollo Econ\u00f3mico Local El \u00c1rea de Empleo, Emprendimiento y Desarrollo Econ\u00f3mico Local tiene como fin acometer todas aquellas actuaciones destinadas a planificar y [&hellip;]<\/p>\n","protected":false},"author":1,"featured_media":0,"parent":0,"menu_order":0,"comment_status":"closed","ping_status":"closed","template":"","meta":{"footnotes":""},"_links":{"self":[{"href":"https:\/\/aytocastillodelocubin.org\/index.php?rest_route=\/wp\/v2\/pages\/2776"}],"collection":[{"href":"https:\/\/aytocastillodelocubin.org\/index.php?rest_route=\/wp\/v2\/pages"}],"about":[{"href":"https:\/\/aytocastillodelocubin.org\/index.php?rest_route=\/wp\/v2\/types\/page"}],"author":[{"embeddable":true,"href":"https:\/\/aytocastillodelocubin.org\/index.php?rest_route=\/wp\/v2\/users\/1"}],"replies":[{"embeddable":true,"href":"https:\/\/aytocastillodelocubin.org\/index.php?rest_route=%2Fwp%2Fv2%2Fcomments&post=2776"}],"version-history":[{"count":11,"href":"https:\/\/aytocastillodelocubin.org\/index.php?rest_route=\/wp\/v2\/pages\/2776\/revisions"}],"predecessor-version":[{"id":11642,"href":"https:\/\/aytocastillodelocubin.org\/index.php?rest_route=\/wp\/v2\/pages\/2776\/revisions\/11642"}],"wp:attachment":[{"href":"https:\/\/aytocastillodelocubin.org\/index.php?rest_route=%2Fwp%2Fv2%2Fmedia&parent=2776"}],"curies":[{"name":"wp","href":"https:\/\/api.w.org\/{rel}","templated":true}]}}