{"id":3624,"date":"2018-04-24T08:28:12","date_gmt":"2018-04-24T08:28:12","guid":{"rendered":"http:\/\/aytocastillodelocubin.org\/?page_id=3624"},"modified":"2018-05-05T09:44:51","modified_gmt":"2018-05-05T09:44:51","slug":"autoescuelas","status":"publish","type":"page","link":"https:\/\/aytocastillodelocubin.org\/?page_id=3624","title":{"rendered":"Autoescuelas y seguros"},"content":{"rendered":"<h5 class=\"collapseomatic \" id=\"id69faf55cabc4a\"  tabindex=\"0\" title=\"Autoescuela DelSur\"    >Autoescuela DelSur<\/h5><div id=\"target-id69faf55cabc4a\" class=\"collapseomatic_content \">\n<p>Autoescuela familiar con mas de 10 a\u00f1os de experiencia formando a los ciudadanos de la comarca, especialmente de Castillo y Ventas. A parte de los permisos m\u00e1s comunes que son: AM\u00a0(ciclomotor a partir de 15 a\u00f1os) A1 (motocicletas de 125cc a partir de 16 a\u00f1os, donde ya se puede obtener los test para el coche)\u00a0A2 (motocicletas de hasta 35 kw de potencia, a partir de los 18 a\u00f1os) B (coches, furgonetas, camiones y cualquier autom\u00f3vil que no sea motocicleta hasta 3500kg) B+E (permiso para poder conducir remolques de 3500kg).<\/p>\n<p>A parte de todos estos permisos tambi\u00e9n asesoramos y ayudamos en la obtenci\u00f3n de cualquier otro permiso. Tambi\u00e9n se pueden realizar cursos online en materia de riesgos laborales como manipulador, carretillero, etc.<\/p>\n<p>Localizaci\u00f3n: C\/Colmenero n\u00ba 57, Castillo de Locub\u00edn<\/p>\n<p>Tel\u00e9fono de contacto: 629 049 302<\/p>\n<p>Correo electr\u00f3nico:\u00a0<a href=\"autoescueladelsur01@gmail.com\">autoescueladelsur01@gmail.com<\/a><\/p>\n\t\t\t\t\t\t<div class=\"gallery_box_single\">\n\t\t\t\t\t\t\t\t\t\t\t\t\t\t\t<div class=\"gallery gllr_grid\" data-gllr-columns=\"6\" data-gllr-border-width=\"10\">\n\t\t\t\t\t\t\t\t\t\t\t\t\t\t\t\t\t\t\t\t<div class=\"gllr_image_row\">\n\t\t\t\t\t\t\t\t\t\t\t\t\t\t\t\t\t\t\t\t\t<div class=\"gllr_image_block\">\n\t\t\t\t\t\t\t\t\t\t\t\t<p style=\"\n\t\t\t\t\t\t\t\t\t\t\t\twidth:150px;height:150px;\t\t\t\t\t\t\t\t\t\t\t\t\">\n\t\t\t\t\t\t\t\t\t\t\t\t\t\t\t\t\t\t\t\t\t\t\t\t\t\t\t\t<a data-fancybox=\"gallery_fancybox_3778\" href=\"https:\/\/aytocastillodelocubin.org\/wp-content\/uploads\/2018\/04\/AUTOESCUELA-DEL-SUR-918x1024.jpg\" title=\"\" >\n\t\t\t\t\t\t\t\t\t\t\t\t\t\t\t\t<img loading=\"lazy\" decoding=\"async\" width=\"150\" height=\"150\" style=\"width:150px; height:150px; \" alt=\"\" title=\"\" src=\"https:\/\/aytocastillodelocubin.org\/wp-content\/uploads\/2018\/04\/AUTOESCUELA-DEL-SUR-150x150.jpg\" rel=\"https:\/\/aytocastillodelocubin.org\/wp-content\/uploads\/2018\/04\/AUTOESCUELA-DEL-SUR.jpg\" \/>\t\t\t\t\t\t\t\t\t\t\t\t\t\t\t<\/a>\n\t\t\t\t\t\t\t\t\t\t\t\t\t\t\t\t\t\t\t\t\t\t\t\t\t\t<\/p>\n\t\t\t\t\t\t\t\t\t\t\t\t\t\t\t\t\t\t\t\t\t\t\t\t\t<div \n\t\t\t\t\t\t\t\t\t\t\t\t\tstyle=\"width:150px;\"\t\t\t\t\t\t\t\t\t\t\t\t\tclass=\"gllr_single_image_text gllr_single_image_text_under\">&nbsp;<\/div>\n\t\t\t\t\t\t\t\t\t\t\t\t\t\t\t\t\t\t\t\t\t\t\t<\/div><!-- .gllr_image_block -->\n\t\t\t\t\t\t\t\t\t\t\t\t\t\t\t\t\t\t\t\t\t<div class=\"gllr_image_block\">\n\t\t\t\t\t\t\t\t\t\t\t\t<p style=\"\n\t\t\t\t\t\t\t\t\t\t\t\twidth:150px;height:150px;\t\t\t\t\t\t\t\t\t\t\t\t\">\n\t\t\t\t\t\t\t\t\t\t\t\t\t\t\t\t\t\t\t\t\t\t\t\t\t\t\t\t<a data-fancybox=\"gallery_fancybox_3778\" href=\"https:\/\/aytocastillodelocubin.org\/wp-content\/uploads\/2018\/04\/IMG-20180220-WA0000-1024x749.jpg\" title=\"\" >\n\t\t\t\t\t\t\t\t\t\t\t\t\t\t\t\t<img loading=\"lazy\" decoding=\"async\" width=\"150\" height=\"150\" style=\"width:150px; height:150px; \" alt=\"\" title=\"\" src=\"https:\/\/aytocastillodelocubin.org\/wp-content\/uploads\/2018\/04\/IMG-20180220-WA0000-150x150.jpg\" rel=\"https:\/\/aytocastillodelocubin.org\/wp-content\/uploads\/2018\/04\/IMG-20180220-WA0000.jpg\" \/>\t\t\t\t\t\t\t\t\t\t\t\t\t\t\t<\/a>\n\t\t\t\t\t\t\t\t\t\t\t\t\t\t\t\t\t\t\t\t\t\t\t\t\t\t<\/p>\n\t\t\t\t\t\t\t\t\t\t\t\t\t\t\t\t\t\t\t\t\t\t\t\t\t<div \n\t\t\t\t\t\t\t\t\t\t\t\t\tstyle=\"width:150px;\"\t\t\t\t\t\t\t\t\t\t\t\t\tclass=\"gllr_single_image_text gllr_single_image_text_under\">&nbsp;<\/div>\n\t\t\t\t\t\t\t\t\t\t\t\t\t\t\t\t\t\t\t\t\t\t\t<\/div><!-- .gllr_image_block -->\n\t\t\t\t\t\t\t\t\t\t\t\t\t\t\t\t\t\t\t\t\t<div class=\"clear\"><\/div>\n\t\t\t\t\t\t\t\t\t\t<\/div><!-- .gllr_image_row -->\n\t\t\t\t\t\t\t\t\t\t\t\t\t\t\t\t\t<\/div><!-- .gallery.clearfix -->\n\t\t\t\t\t\t\t\t\t\t\t\t\t\t<\/div><!-- .gallery_box_single -->\n\t\t\t\t\t\t<div class=\"gllr_clear\"><\/div>\n\t\t\t\t\t\t\n<\/div>\n<h5 class=\"collapseomatic \" id=\"id69faf55cadc7b\"  tabindex=\"0\" title=\"Autoescuela Joyma y la Mota\"    >Autoescuela Joyma y la Mota<\/h5><div id=\"target-id69faf55cadc7b\" class=\"collapseomatic_content \">\n<p>Autoescuela \u00abJoyma- La Mota\u00bb con nuestra experiencia, nuestro buen servicio y nuestras homologaciones en:<\/p>\n<ul>\n<li>La junta de Andaluc\u00eda<\/li>\n<li>El ministerio del interior y el ministerio de fomento<\/li>\n<\/ul>\n<p>tus permisos de conducir, autorizaciones de mercanc\u00edas peligrosas, cursos del C.A.P. y otros cursos de formaci\u00f3n \u00a1Todo ser\u00e1 m\u00e1s f\u00e1cil!\u00a0 Inf\u00f3rmate!<\/p>\n<p>Localizaci\u00f3n: Av. Virgen de la Cabeza, n\u00ba 22, Castillo de Locub\u00edn<\/p>\n<p>Tel\u00e9fono de contacto: 617 217 649<\/p>\n<p>Correo electr\u00f3nico:\u00a0<a href=\"autoescuela-lamota@hotmail.com\">autoescuela-lamota@hotmail.com<\/a><\/p>\n\t\t\t\t\t\t<div class=\"gallery_box_single\">\n\t\t\t\t\t\t\t\t\t\t\t\t\t\t\t<div class=\"gallery gllr_grid\" data-gllr-columns=\"6\" data-gllr-border-width=\"10\">\n\t\t\t\t\t\t\t\t\t\t\t\t\t\t\t\t\t\t\t\t<div class=\"gllr_image_row\">\n\t\t\t\t\t\t\t\t\t\t\t\t\t\t\t\t\t\t\t\t\t<div class=\"gllr_image_block\">\n\t\t\t\t\t\t\t\t\t\t\t\t<p style=\"\n\t\t\t\t\t\t\t\t\t\t\t\twidth:150px;height:150px;\t\t\t\t\t\t\t\t\t\t\t\t\">\n\t\t\t\t\t\t\t\t\t\t\t\t\t\t\t\t\t\t\t\t\t\t\t\t\t\t\t\t<a data-fancybox=\"gallery_fancybox_3781\" href=\"https:\/\/aytocastillodelocubin.org\/wp-content\/uploads\/2018\/04\/Foto-camion-1024x614.jpg\" title=\"\" >\n\t\t\t\t\t\t\t\t\t\t\t\t\t\t\t\t<img loading=\"lazy\" decoding=\"async\" width=\"150\" height=\"150\" style=\"width:150px; height:150px; \" alt=\"\" title=\"\" src=\"https:\/\/aytocastillodelocubin.org\/wp-content\/uploads\/2018\/04\/Foto-camion-150x150.jpg\" rel=\"https:\/\/aytocastillodelocubin.org\/wp-content\/uploads\/2018\/04\/Foto-camion.jpg\" \/>\t\t\t\t\t\t\t\t\t\t\t\t\t\t\t<\/a>\n\t\t\t\t\t\t\t\t\t\t\t\t\t\t\t\t\t\t\t\t\t\t\t\t\t\t<\/p>\n\t\t\t\t\t\t\t\t\t\t\t\t\t\t\t\t\t\t\t\t\t\t\t\t\t<div \n\t\t\t\t\t\t\t\t\t\t\t\t\tstyle=\"width:150px;\"\t\t\t\t\t\t\t\t\t\t\t\t\tclass=\"gllr_single_image_text gllr_single_image_text_under\">&nbsp;<\/div>\n\t\t\t\t\t\t\t\t\t\t\t\t\t\t\t\t\t\t\t\t\t\t\t<\/div><!-- .gllr_image_block -->\n\t\t\t\t\t\t\t\t\t\t\t\t\t\t\t\t\t\t\t\t\t<div class=\"gllr_image_block\">\n\t\t\t\t\t\t\t\t\t\t\t\t<p style=\"\n\t\t\t\t\t\t\t\t\t\t\t\twidth:150px;height:150px;\t\t\t\t\t\t\t\t\t\t\t\t\">\n\t\t\t\t\t\t\t\t\t\t\t\t\t\t\t\t\t\t\t\t\t\t\t\t\t\t\t\t<a data-fancybox=\"gallery_fancybox_3781\" href=\"https:\/\/aytocastillodelocubin.org\/wp-content\/uploads\/2018\/04\/Foto-autoescuela2-1024x614.jpg\" title=\"\" >\n\t\t\t\t\t\t\t\t\t\t\t\t\t\t\t\t<img loading=\"lazy\" decoding=\"async\" width=\"150\" height=\"150\" style=\"width:150px; height:150px; \" alt=\"\" title=\"\" src=\"https:\/\/aytocastillodelocubin.org\/wp-content\/uploads\/2018\/04\/Foto-autoescuela2-150x150.jpg\" rel=\"https:\/\/aytocastillodelocubin.org\/wp-content\/uploads\/2018\/04\/Foto-autoescuela2.jpg\" \/>\t\t\t\t\t\t\t\t\t\t\t\t\t\t\t<\/a>\n\t\t\t\t\t\t\t\t\t\t\t\t\t\t\t\t\t\t\t\t\t\t\t\t\t\t<\/p>\n\t\t\t\t\t\t\t\t\t\t\t\t\t\t\t\t\t\t\t\t\t\t\t\t\t<div \n\t\t\t\t\t\t\t\t\t\t\t\t\tstyle=\"width:150px;\"\t\t\t\t\t\t\t\t\t\t\t\t\tclass=\"gllr_single_image_text gllr_single_image_text_under\">&nbsp;<\/div>\n\t\t\t\t\t\t\t\t\t\t\t\t\t\t\t\t\t\t\t\t\t\t\t<\/div><!-- .gllr_image_block -->\n\t\t\t\t\t\t\t\t\t\t\t\t\t\t\t\t\t\t\t\t\t<div class=\"gllr_image_block\">\n\t\t\t\t\t\t\t\t\t\t\t\t<p style=\"\n\t\t\t\t\t\t\t\t\t\t\t\twidth:150px;height:150px;\t\t\t\t\t\t\t\t\t\t\t\t\">\n\t\t\t\t\t\t\t\t\t\t\t\t\t\t\t\t\t\t\t\t\t\t\t\t\t\t\t\t<a data-fancybox=\"gallery_fancybox_3781\" href=\"https:\/\/aytocastillodelocubin.org\/wp-content\/uploads\/2018\/04\/fotos-autoescuela-002-1024x614.jpg\" title=\"\" >\n\t\t\t\t\t\t\t\t\t\t\t\t\t\t\t\t<img loading=\"lazy\" decoding=\"async\" width=\"150\" height=\"150\" style=\"width:150px; height:150px; \" alt=\"\" title=\"\" src=\"https:\/\/aytocastillodelocubin.org\/wp-content\/uploads\/2018\/04\/fotos-autoescuela-002-150x150.jpg\" rel=\"https:\/\/aytocastillodelocubin.org\/wp-content\/uploads\/2018\/04\/fotos-autoescuela-002.jpg\" \/>\t\t\t\t\t\t\t\t\t\t\t\t\t\t\t<\/a>\n\t\t\t\t\t\t\t\t\t\t\t\t\t\t\t\t\t\t\t\t\t\t\t\t\t\t<\/p>\n\t\t\t\t\t\t\t\t\t\t\t\t\t\t\t\t\t\t\t\t\t\t\t\t\t<div \n\t\t\t\t\t\t\t\t\t\t\t\t\tstyle=\"width:150px;\"\t\t\t\t\t\t\t\t\t\t\t\t\tclass=\"gllr_single_image_text gllr_single_image_text_under\">&nbsp;<\/div>\n\t\t\t\t\t\t\t\t\t\t\t\t\t\t\t\t\t\t\t\t\t\t\t<\/div><!-- .gllr_image_block -->\n\t\t\t\t\t\t\t\t\t\t\t\t\t\t\t\t\t\t\t\t\t<div class=\"gllr_image_block\">\n\t\t\t\t\t\t\t\t\t\t\t\t<p style=\"\n\t\t\t\t\t\t\t\t\t\t\t\twidth:150px;height:150px;\t\t\t\t\t\t\t\t\t\t\t\t\">\n\t\t\t\t\t\t\t\t\t\t\t\t\t\t\t\t\t\t\t\t\t\t\t\t\t\t\t\t<a data-fancybox=\"gallery_fancybox_3781\" href=\"https:\/\/aytocastillodelocubin.org\/wp-content\/uploads\/2018\/04\/Foto-coche.jpg\" title=\"\" >\n\t\t\t\t\t\t\t\t\t\t\t\t\t\t\t\t<img loading=\"lazy\" decoding=\"async\" width=\"150\" height=\"150\" style=\"width:150px; height:150px; \" alt=\"\" title=\"\" src=\"https:\/\/aytocastillodelocubin.org\/wp-content\/uploads\/2018\/04\/Foto-coche-150x150.jpg\" rel=\"https:\/\/aytocastillodelocubin.org\/wp-content\/uploads\/2018\/04\/Foto-coche.jpg\" \/>\t\t\t\t\t\t\t\t\t\t\t\t\t\t\t<\/a>\n\t\t\t\t\t\t\t\t\t\t\t\t\t\t\t\t\t\t\t\t\t\t\t\t\t\t<\/p>\n\t\t\t\t\t\t\t\t\t\t\t\t\t\t\t\t\t\t\t\t\t\t\t\t\t<div \n\t\t\t\t\t\t\t\t\t\t\t\t\tstyle=\"width:150px;\"\t\t\t\t\t\t\t\t\t\t\t\t\tclass=\"gllr_single_image_text gllr_single_image_text_under\">&nbsp;<\/div>\n\t\t\t\t\t\t\t\t\t\t\t\t\t\t\t\t\t\t\t\t\t\t\t<\/div><!-- .gllr_image_block -->\n\t\t\t\t\t\t\t\t\t\t\t\t\t\t\t\t\t\t\t\t\t<div class=\"clear\"><\/div>\n\t\t\t\t\t\t\t\t\t\t<\/div><!-- .gllr_image_row -->\n\t\t\t\t\t\t\t\t\t\t\t\t\t\t\t\t\t<\/div><!-- .gallery.clearfix -->\n\t\t\t\t\t\t\t\t\t\t\t\t\t\t<\/div><!-- .gallery_box_single -->\n\t\t\t\t\t\t<div class=\"gllr_clear\"><\/div>\n\t\t\t\t\t\t\n<\/div>\n<h5 class=\"collapseomatic \" id=\"id69faf55caeeea\"  tabindex=\"0\" title=\"Seguros Allianz - Agencia 764008\"    >Seguros Allianz - Agencia 764008<\/h5><div id=\"target-id69faf55caeeea\" class=\"collapseomatic_content \">\n<p>Seguros en general<\/p>\n<p>Localizaci\u00f3n: C\/Canton alto, Castillo de Locub\u00edn<\/p>\n<p>Tel\u00e9fono de contacto:\u00a0953 585 402<\/p>\n<p>Correo electr\u00f3nico: <a href=\"mailto:mariadolores.alba@allianzmed.es\">mariadolores.alba@allianzmed.es<\/a><\/p>\n<p><img loading=\"lazy\" decoding=\"async\" class=\"aligncenter size-medium wp-image-3895\" src=\"https:\/\/aytocastillodelocubin.org\/wp-content\/uploads\/2018\/04\/ALLIANZ-300x180.jpg\" alt=\"\" width=\"300\" height=\"180\" srcset=\"https:\/\/aytocastillodelocubin.org\/wp-content\/uploads\/2018\/04\/ALLIANZ-300x180.jpg 300w, https:\/\/aytocastillodelocubin.org\/wp-content\/uploads\/2018\/04\/ALLIANZ-768x461.jpg 768w, https:\/\/aytocastillodelocubin.org\/wp-content\/uploads\/2018\/04\/ALLIANZ-1024x614.jpg 1024w, https:\/\/aytocastillodelocubin.org\/wp-content\/uploads\/2018\/04\/ALLIANZ-1200x720.jpg 1200w, https:\/\/aytocastillodelocubin.org\/wp-content\/uploads\/2018\/04\/ALLIANZ-594x356.jpg 594w, https:\/\/aytocastillodelocubin.org\/wp-content\/uploads\/2018\/04\/ALLIANZ.jpg 2000w\" sizes=\"(max-width: 300px) 100vw, 300px\" \/><\/p>\n<\/div>\n<h5 class=\"collapseomatic \" id=\"id69faf55caef1b\"  tabindex=\"0\" title=\"M\u00ba Carmen Gallardo Contreras Seguros\"    >M\u00ba Carmen Gallardo Contreras Seguros<\/h5><div id=\"target-id69faf55caef1b\" class=\"collapseomatic_content \">\n<p>Seguros en general<\/p>\n<p>Localizaci\u00f3n: C\/Canton alto, Castillo de Locub\u00edn<\/p>\n<p>Tel\u00e9fono de contacto: 953 585 402<\/p>\n<p>Correo electr\u00f3nico: <a href=\"mailto:seguros@lopezyaguilera.com\">seguros@lopezyaguilera.com<\/a><\/p>\n<p><img loading=\"lazy\" decoding=\"async\" class=\"aligncenter size-medium wp-image-3896\" src=\"https:\/\/aytocastillodelocubin.org\/wp-content\/uploads\/2018\/04\/CATALANA_OCCIDENTE-300x120.jpg\" alt=\"\" width=\"300\" height=\"120\" srcset=\"https:\/\/aytocastillodelocubin.org\/wp-content\/uploads\/2018\/04\/CATALANA_OCCIDENTE-300x120.jpg 300w, https:\/\/aytocastillodelocubin.org\/wp-content\/uploads\/2018\/04\/CATALANA_OCCIDENTE-768x307.jpg 768w, https:\/\/aytocastillodelocubin.org\/wp-content\/uploads\/2018\/04\/CATALANA_OCCIDENTE-1024x410.jpg 1024w, https:\/\/aytocastillodelocubin.org\/wp-content\/uploads\/2018\/04\/CATALANA_OCCIDENTE-1200x480.jpg 1200w, https:\/\/aytocastillodelocubin.org\/wp-content\/uploads\/2018\/04\/CATALANA_OCCIDENTE-594x238.jpg 594w\" sizes=\"(max-width: 300px) 100vw, 300px\" \/><\/p>\n<\/div>\n","protected":false},"excerpt":{"rendered":"","protected":false},"author":1,"featured_media":1612,"parent":0,"menu_order":0,"comment_status":"closed","ping_status":"closed","template":"","meta":{"footnotes":""},"_links":{"self":[{"href":"https:\/\/aytocastillodelocubin.org\/index.php?rest_route=\/wp\/v2\/pages\/3624"}],"collection":[{"href":"https:\/\/aytocastillodelocubin.org\/index.php?rest_route=\/wp\/v2\/pages"}],"about":[{"href":"https:\/\/aytocastillodelocubin.org\/index.php?rest_route=\/wp\/v2\/types\/page"}],"author":[{"embeddable":true,"href":"https:\/\/aytocastillodelocubin.org\/index.php?rest_route=\/wp\/v2\/users\/1"}],"replies":[{"embeddable":true,"href":"https:\/\/aytocastillodelocubin.org\/index.php?rest_route=%2Fwp%2Fv2%2Fcomments&post=3624"}],"version-history":[{"count":5,"href":"https:\/\/aytocastillodelocubin.org\/index.php?rest_route=\/wp\/v2\/pages\/3624\/revisions"}],"predecessor-version":[{"id":4044,"href":"https:\/\/aytocastillodelocubin.org\/index.php?rest_route=\/wp\/v2\/pages\/3624\/revisions\/4044"}],"wp:featuredmedia":[{"embeddable":true,"href":"https:\/\/aytocastillodelocubin.org\/index.php?rest_route=\/wp\/v2\/media\/1612"}],"wp:attachment":[{"href":"https:\/\/aytocastillodelocubin.org\/index.php?rest_route=%2Fwp%2Fv2%2Fmedia&parent=3624"}],"curies":[{"name":"wp","href":"https:\/\/api.w.org\/{rel}","templated":true}]}}