{"id":3632,"date":"2018-04-24T08:33:28","date_gmt":"2018-04-24T08:33:28","guid":{"rendered":"http:\/\/aytocastillodelocubin.org\/?page_id=3632"},"modified":"2018-07-07T17:15:22","modified_gmt":"2018-07-07T17:15:22","slug":"talleres","status":"publish","type":"page","link":"https:\/\/aytocastillodelocubin.org\/?page_id=3632","title":{"rendered":"Talleres"},"content":{"rendered":"<h5 class=\"collapseomatic \" id=\"id69faf4bb6d210\"  tabindex=\"0\" title=\"Albertcar neum\u00e1ticos S.L.U.\"    >Albertcar neum\u00e1ticos S.L.U.<\/h5><div id=\"target-id69faf4bb6d210\" class=\"collapseomatic_content \">\n<p>Somos profesionales con muchos a\u00f1os de experiencia en el sector y sistem\u00e1ticamente formados en las m\u00e1s novedosas tecnolog\u00edas lo cual nos permite garantizarte la resoluci\u00f3n de cualquier intervenci\u00f3n sobre su veh\u00edculo de la manera m\u00e1s profesional.<\/p>\n<p>En nuestras instalaciones podemos realizar cualquier reparaci\u00f3n, desde la m\u00e1s simple y r\u00e1pida hasta la m\u00e1s compleja. Desde intervenciones de mec\u00e1nica, electricidad, electr\u00f3nica, transmisi\u00f3n, neum\u00e1ticos, etc.<\/p>\n<p>Trabajamos con todas las marcas del mercado tanto en turismo como en veh\u00edculos comerciales todoterreno y agr\u00edcolas, gasolina o di\u00e9sel.<\/p>\n<p>Todos nuestros servicios y productos est\u00e1n garantizados y se adaptan a las estrictas normativas de calidad vigentes.<\/p>\n<p>Localizaci\u00f3n: Carretera nacional 432, km 367, Estaci\u00f3n de servicio R\u00edo San Juan, Alcaudete<\/p>\n<p>Tel\u00e9fono de contacto: 658 843 357<\/p>\n<p>Correo electr\u00f3nico: <a href=\"mailto:albertcar_neumaticos@hotmail.com\">albertcar_neumaticos@hotmail.com<\/a><\/p>\n<p>P\u00e1gina web: <a href=\"http:\/\/albertcarneumaticos.com\">albertcarneumaticos.com<\/a><\/p>\n<p><img loading=\"lazy\" decoding=\"async\" class=\"size-medium wp-image-3926 aligncenter\" src=\"https:\/\/aytocastillodelocubin.org\/wp-content\/uploads\/2018\/04\/ALBERTCAR_logo_031-300x97.jpg\" alt=\"\" width=\"300\" height=\"97\" srcset=\"https:\/\/aytocastillodelocubin.org\/wp-content\/uploads\/2018\/04\/ALBERTCAR_logo_031-300x97.jpg 300w, https:\/\/aytocastillodelocubin.org\/wp-content\/uploads\/2018\/04\/ALBERTCAR_logo_031-768x249.jpg 768w, https:\/\/aytocastillodelocubin.org\/wp-content\/uploads\/2018\/04\/ALBERTCAR_logo_031-1024x332.jpg 1024w, https:\/\/aytocastillodelocubin.org\/wp-content\/uploads\/2018\/04\/ALBERTCAR_logo_031-1200x389.jpg 1200w, https:\/\/aytocastillodelocubin.org\/wp-content\/uploads\/2018\/04\/ALBERTCAR_logo_031-594x192.jpg 594w\" sizes=\"(max-width: 300px) 100vw, 300px\" \/><\/p>\n<\/div>\n<h5 class=\"collapseomatic \" id=\"id69faf4bb6d265\"  tabindex=\"0\" title=\"Guti Neum\u00e1ticos\"    >Guti Neum\u00e1ticos<\/h5><div id=\"target-id69faf4bb6d265\" class=\"collapseomatic_content \">\n<p>Taller de montaje y reparaci\u00f3n de neum\u00e1ticos, agr\u00edcola, industrial, cami\u00f3n, 4&#215;4 y turismo.<\/p>\n<p>Localizaci\u00f3n: C\/Naranjo, n\u00ba 2, Pol\u00edgono industrial, Castillo de Locub\u00edn<\/p>\n<p>Tel\u00e9fono de contacto: 660 528 836<\/p>\n<p>Correo electr\u00f3nico: <a href=\"mailto:tallerguti@gmail.com\">tallerguti@gmail.com<\/a><\/p>\n<p>P\u00e1gina web: <a href=\"https:\/\/facebook.com\/gutineumaticos\">https:\/\/facebook.com\/gutineumaticos<\/a><\/p>\n\t\t\t\t\t\t<div class=\"gallery_box_single\">\n\t\t\t\t\t\t\t\t\t\t\t\t\t\t\t<div class=\"gallery gllr_grid\" data-gllr-columns=\"6\" data-gllr-border-width=\"10\">\n\t\t\t\t\t\t\t\t\t\t\t\t\t\t\t\t\t\t\t\t<div class=\"gllr_image_row\">\n\t\t\t\t\t\t\t\t\t\t\t\t\t\t\t\t\t\t\t\t\t<div class=\"gllr_image_block\">\n\t\t\t\t\t\t\t\t\t\t\t\t<p style=\"\n\t\t\t\t\t\t\t\t\t\t\t\twidth:150px;height:150px;\t\t\t\t\t\t\t\t\t\t\t\t\">\n\t\t\t\t\t\t\t\t\t\t\t\t\t\t\t\t\t\t\t\t\t\t\t\t\t\t\t\t<a data-fancybox=\"gallery_fancybox_3928\" href=\"https:\/\/aytocastillodelocubin.org\/wp-content\/uploads\/2018\/04\/imagen-1024x399.jpg\" title=\"\" >\n\t\t\t\t\t\t\t\t\t\t\t\t\t\t\t\t<img loading=\"lazy\" decoding=\"async\" width=\"150\" height=\"150\" style=\"width:150px; height:150px; \" alt=\"\" title=\"\" src=\"https:\/\/aytocastillodelocubin.org\/wp-content\/uploads\/2018\/04\/imagen-150x150.jpg\" rel=\"https:\/\/aytocastillodelocubin.org\/wp-content\/uploads\/2018\/04\/imagen.jpg\" \/>\t\t\t\t\t\t\t\t\t\t\t\t\t\t\t<\/a>\n\t\t\t\t\t\t\t\t\t\t\t\t\t\t\t\t\t\t\t\t\t\t\t\t\t\t<\/p>\n\t\t\t\t\t\t\t\t\t\t\t\t\t\t\t\t\t\t\t\t\t\t\t\t\t<div \n\t\t\t\t\t\t\t\t\t\t\t\t\tstyle=\"width:150px;\"\t\t\t\t\t\t\t\t\t\t\t\t\tclass=\"gllr_single_image_text gllr_single_image_text_under\">&nbsp;<\/div>\n\t\t\t\t\t\t\t\t\t\t\t\t\t\t\t\t\t\t\t\t\t\t\t<\/div><!-- .gllr_image_block -->\n\t\t\t\t\t\t\t\t\t\t\t\t\t\t\t\t\t\t\t\t\t<div class=\"gllr_image_block\">\n\t\t\t\t\t\t\t\t\t\t\t\t<p style=\"\n\t\t\t\t\t\t\t\t\t\t\t\twidth:150px;height:150px;\t\t\t\t\t\t\t\t\t\t\t\t\">\n\t\t\t\t\t\t\t\t\t\t\t\t\t\t\t\t\t\t\t\t\t\t\t\t\t\t\t\t<a data-fancybox=\"gallery_fancybox_3928\" href=\"https:\/\/aytocastillodelocubin.org\/wp-content\/uploads\/2018\/04\/logo-6.jpg\" title=\"\" >\n\t\t\t\t\t\t\t\t\t\t\t\t\t\t\t\t<img loading=\"lazy\" decoding=\"async\" width=\"150\" height=\"150\" style=\"width:150px; height:150px; \" alt=\"\" title=\"\" src=\"https:\/\/aytocastillodelocubin.org\/wp-content\/uploads\/2018\/04\/logo-6-150x150.jpg\" rel=\"https:\/\/aytocastillodelocubin.org\/wp-content\/uploads\/2018\/04\/logo-6.jpg\" \/>\t\t\t\t\t\t\t\t\t\t\t\t\t\t\t<\/a>\n\t\t\t\t\t\t\t\t\t\t\t\t\t\t\t\t\t\t\t\t\t\t\t\t\t\t<\/p>\n\t\t\t\t\t\t\t\t\t\t\t\t\t\t\t\t\t\t\t\t\t\t\t\t\t<div \n\t\t\t\t\t\t\t\t\t\t\t\t\tstyle=\"width:150px;\"\t\t\t\t\t\t\t\t\t\t\t\t\tclass=\"gllr_single_image_text gllr_single_image_text_under\">&nbsp;<\/div>\n\t\t\t\t\t\t\t\t\t\t\t\t\t\t\t\t\t\t\t\t\t\t\t<\/div><!-- .gllr_image_block -->\n\t\t\t\t\t\t\t\t\t\t\t\t\t\t\t\t\t\t\t\t\t<div class=\"clear\"><\/div>\n\t\t\t\t\t\t\t\t\t\t<\/div><!-- .gllr_image_row -->\n\t\t\t\t\t\t\t\t\t\t\t\t\t\t\t\t\t<\/div><!-- .gallery.clearfix -->\n\t\t\t\t\t\t\t\t\t\t\t\t\t\t<\/div><!-- .gallery_box_single -->\n\t\t\t\t\t\t<div class=\"gllr_clear\"><\/div>\n\t\t\t\t\t\t\n<\/div>\n<h5 class=\"collapseomatic \" id=\"id69faf4bb70b86\"  tabindex=\"0\" title=\"Motos Tarrana\"    >Motos Tarrana<\/h5><div id=\"target-id69faf4bb70b86\" class=\"collapseomatic_content \">\n<p>Maquinaria agr\u00edcola en general como motosierras de todas marcas, vareadoras el\u00e9ctricas y de gasolina, desbrozadoras gasolina, di\u00e9sel, sopladoras y todo relativo al olivar.<\/p>\n<p>Localizaci\u00f3n: Ctra de Granada, n\u00ba 79, Castillo de Locub\u00edn<\/p>\n<p>Tel\u00e9fono de contacto: 650 443 705<\/p>\n<p>Correo electr\u00f3nico: oscarlopezolmo@hotmail.com<\/p>\n<p><img loading=\"lazy\" decoding=\"async\" class=\"aligncenter wp-image-3931 \" src=\"https:\/\/aytocastillodelocubin.org\/wp-content\/uploads\/2018\/04\/logo-7-e1524762710391.jpg\" alt=\"\" width=\"179\" height=\"153\" \/><\/p>\n<\/div>\n<h5 class=\"collapseomatic \" id=\"id69faf4bb70bb8\"  tabindex=\"0\" title=\"Servicio r\u00e1pido del autom\u00f3vil MJ Navas\"    >Servicio r\u00e1pido del autom\u00f3vil MJ Navas<\/h5><div id=\"target-id69faf4bb70bb8\" class=\"collapseomatic_content \">\n<p>Taller al servicio de su autom\u00f3vil. Realizamos su mantenimiento, mec\u00e1nica, electricidad, cambio de neum\u00e1ticos, autocristaler\u00eda, reparaci\u00f3n de chapa y pintura etc. Tambi\u00e9n disponemos de veh\u00edculos seminuevos garantizados. Vis\u00edtenos y siempre estaremos dispuestos a ayudarle.<\/p>\n<p>Localizaci\u00f3n: C\/El Almendro, n\u00ba 21, Pol\u00edgono Industrial, Castillo de Locub\u00edn<\/p>\n<p>Tel\u00e9fono de contacto: 953 590 390 &#8211; 650 821 280<\/p>\n<p>Correo electr\u00f3nico: <a href=\"mailto:mjnavasgallardo@gmail.com\">mjnavasgallardo@gmail.com<\/a><\/p>\n\t\t\t\t\t\t<div class=\"gallery_box_single\">\n\t\t\t\t\t\t\t\t\t\t\t\t\t\t\t<div class=\"gallery gllr_grid\" data-gllr-columns=\"6\" data-gllr-border-width=\"10\">\n\t\t\t\t\t\t\t\t\t\t\t\t\t\t\t\t\t\t\t\t<div class=\"gllr_image_row\">\n\t\t\t\t\t\t\t\t\t\t\t\t\t\t\t\t\t\t\t\t\t<div class=\"gllr_image_block\">\n\t\t\t\t\t\t\t\t\t\t\t\t<p style=\"\n\t\t\t\t\t\t\t\t\t\t\t\twidth:150px;height:150px;\t\t\t\t\t\t\t\t\t\t\t\t\">\n\t\t\t\t\t\t\t\t\t\t\t\t\t\t\t\t\t\t\t\t\t\t\t\t\t\t\t\t<a data-fancybox=\"gallery_fancybox_3932\" href=\"https:\/\/aytocastillodelocubin.org\/wp-content\/uploads\/2018\/04\/IMG_7549-1024x768.jpg\" title=\"\" >\n\t\t\t\t\t\t\t\t\t\t\t\t\t\t\t\t<img loading=\"lazy\" decoding=\"async\" width=\"150\" height=\"150\" style=\"width:150px; height:150px; \" alt=\"\" title=\"\" src=\"https:\/\/aytocastillodelocubin.org\/wp-content\/uploads\/2018\/04\/IMG_7549-150x150.jpg\" rel=\"https:\/\/aytocastillodelocubin.org\/wp-content\/uploads\/2018\/04\/IMG_7549.jpg\" \/>\t\t\t\t\t\t\t\t\t\t\t\t\t\t\t<\/a>\n\t\t\t\t\t\t\t\t\t\t\t\t\t\t\t\t\t\t\t\t\t\t\t\t\t\t<\/p>\n\t\t\t\t\t\t\t\t\t\t\t\t\t\t\t\t\t\t\t\t\t\t\t\t\t<div \n\t\t\t\t\t\t\t\t\t\t\t\t\tstyle=\"width:150px;\"\t\t\t\t\t\t\t\t\t\t\t\t\tclass=\"gllr_single_image_text gllr_single_image_text_under\">&nbsp;<\/div>\n\t\t\t\t\t\t\t\t\t\t\t\t\t\t\t\t\t\t\t\t\t\t\t<\/div><!-- .gllr_image_block -->\n\t\t\t\t\t\t\t\t\t\t\t\t\t\t\t\t\t\t\t\t\t<div class=\"gllr_image_block\">\n\t\t\t\t\t\t\t\t\t\t\t\t<p style=\"\n\t\t\t\t\t\t\t\t\t\t\t\twidth:150px;height:150px;\t\t\t\t\t\t\t\t\t\t\t\t\">\n\t\t\t\t\t\t\t\t\t\t\t\t\t\t\t\t\t\t\t\t\t\t\t\t\t\t\t\t<a data-fancybox=\"gallery_fancybox_3932\" href=\"https:\/\/aytocastillodelocubin.org\/wp-content\/uploads\/2018\/04\/IMG_7548-1024x768.jpg\" title=\"\" >\n\t\t\t\t\t\t\t\t\t\t\t\t\t\t\t\t<img loading=\"lazy\" decoding=\"async\" width=\"150\" height=\"150\" style=\"width:150px; height:150px; \" alt=\"\" title=\"\" src=\"https:\/\/aytocastillodelocubin.org\/wp-content\/uploads\/2018\/04\/IMG_7548-150x150.jpg\" rel=\"https:\/\/aytocastillodelocubin.org\/wp-content\/uploads\/2018\/04\/IMG_7548.jpg\" \/>\t\t\t\t\t\t\t\t\t\t\t\t\t\t\t<\/a>\n\t\t\t\t\t\t\t\t\t\t\t\t\t\t\t\t\t\t\t\t\t\t\t\t\t\t<\/p>\n\t\t\t\t\t\t\t\t\t\t\t\t\t\t\t\t\t\t\t\t\t\t\t\t\t<div \n\t\t\t\t\t\t\t\t\t\t\t\t\tstyle=\"width:150px;\"\t\t\t\t\t\t\t\t\t\t\t\t\tclass=\"gllr_single_image_text gllr_single_image_text_under\">&nbsp;<\/div>\n\t\t\t\t\t\t\t\t\t\t\t\t\t\t\t\t\t\t\t\t\t\t\t<\/div><!-- .gllr_image_block -->\n\t\t\t\t\t\t\t\t\t\t\t\t\t\t\t\t\t\t\t\t\t<div class=\"gllr_image_block\">\n\t\t\t\t\t\t\t\t\t\t\t\t<p style=\"\n\t\t\t\t\t\t\t\t\t\t\t\twidth:150px;height:150px;\t\t\t\t\t\t\t\t\t\t\t\t\">\n\t\t\t\t\t\t\t\t\t\t\t\t\t\t\t\t\t\t\t\t\t\t\t\t\t\t\t\t<a data-fancybox=\"gallery_fancybox_3932\" href=\"https:\/\/aytocastillodelocubin.org\/wp-content\/uploads\/2018\/04\/logotipo.jpg\" title=\"\" >\n\t\t\t\t\t\t\t\t\t\t\t\t\t\t\t\t<img loading=\"lazy\" decoding=\"async\" width=\"150\" height=\"150\" style=\"width:150px; height:150px; \" alt=\"\" title=\"\" src=\"https:\/\/aytocastillodelocubin.org\/wp-content\/uploads\/2018\/04\/logotipo-150x150.jpg\" rel=\"https:\/\/aytocastillodelocubin.org\/wp-content\/uploads\/2018\/04\/logotipo.jpg\" \/>\t\t\t\t\t\t\t\t\t\t\t\t\t\t\t<\/a>\n\t\t\t\t\t\t\t\t\t\t\t\t\t\t\t\t\t\t\t\t\t\t\t\t\t\t<\/p>\n\t\t\t\t\t\t\t\t\t\t\t\t\t\t\t\t\t\t\t\t\t\t\t\t\t<div \n\t\t\t\t\t\t\t\t\t\t\t\t\tstyle=\"width:150px;\"\t\t\t\t\t\t\t\t\t\t\t\t\tclass=\"gllr_single_image_text gllr_single_image_text_under\">&nbsp;<\/div>\n\t\t\t\t\t\t\t\t\t\t\t\t\t\t\t\t\t\t\t\t\t\t\t<\/div><!-- .gllr_image_block -->\n\t\t\t\t\t\t\t\t\t\t\t\t\t\t\t\t\t\t\t\t\t<div class=\"clear\"><\/div>\n\t\t\t\t\t\t\t\t\t\t<\/div><!-- .gllr_image_row -->\n\t\t\t\t\t\t\t\t\t\t\t\t\t\t\t\t\t<\/div><!-- .gallery.clearfix -->\n\t\t\t\t\t\t\t\t\t\t\t\t\t\t<\/div><!-- .gallery_box_single -->\n\t\t\t\t\t\t<div class=\"gllr_clear\"><\/div>\n\t\t\t\t\t\t\n<\/div>\n<h5 class=\"collapseomatic \" id=\"id69faf4bb71dc3\"  tabindex=\"0\" title=\"Tecno Jim\u00e9nez S.L.\"    >Tecno Jim\u00e9nez S.L.<\/h5><div id=\"target-id69faf4bb71dc3\" class=\"collapseomatic_content \">\n<p>Para todo lo que tu autom\u00f3vil necesita. Taller reparaci\u00f3n de autom\u00f3viles.<\/p>\n<p>Localizaci\u00f3n: C\/Carretera de Granada, n\u00ba 44, Castillo de Locub\u00edn<\/p>\n<p>Tel\u00e9fono de contacto: 953 590 013<\/p>\n<p>Correo electr\u00f3nico: <a href=\"mailto:tecnojimenez@gmail.com\">tecnojimenez@gmail.com<\/a><\/p>\n<p><img loading=\"lazy\" decoding=\"async\" class=\"aligncenter size-medium wp-image-4337\" src=\"https:\/\/aytocastillodelocubin.org\/wp-content\/uploads\/2018\/07\/Fachada-300x169.jpg\" alt=\"\" width=\"300\" height=\"169\" srcset=\"https:\/\/aytocastillodelocubin.org\/wp-content\/uploads\/2018\/07\/Fachada-300x169.jpg 300w, https:\/\/aytocastillodelocubin.org\/wp-content\/uploads\/2018\/07\/Fachada-768x432.jpg 768w, https:\/\/aytocastillodelocubin.org\/wp-content\/uploads\/2018\/07\/Fachada-1024x576.jpg 1024w, https:\/\/aytocastillodelocubin.org\/wp-content\/uploads\/2018\/07\/Fachada-1200x675.jpg 1200w, https:\/\/aytocastillodelocubin.org\/wp-content\/uploads\/2018\/07\/Fachada-594x334.jpg 594w\" sizes=\"(max-width: 300px) 100vw, 300px\" \/><\/p>\n<\/div>\n","protected":false},"excerpt":{"rendered":"","protected":false},"author":1,"featured_media":1612,"parent":0,"menu_order":0,"comment_status":"closed","ping_status":"closed","template":"","meta":{"footnotes":""},"_links":{"self":[{"href":"https:\/\/aytocastillodelocubin.org\/index.php?rest_route=\/wp\/v2\/pages\/3632"}],"collection":[{"href":"https:\/\/aytocastillodelocubin.org\/index.php?rest_route=\/wp\/v2\/pages"}],"about":[{"href":"https:\/\/aytocastillodelocubin.org\/index.php?rest_route=\/wp\/v2\/types\/page"}],"author":[{"embeddable":true,"href":"https:\/\/aytocastillodelocubin.org\/index.php?rest_route=\/wp\/v2\/users\/1"}],"replies":[{"embeddable":true,"href":"https:\/\/aytocastillodelocubin.org\/index.php?rest_route=%2Fwp%2Fv2%2Fcomments&post=3632"}],"version-history":[{"count":5,"href":"https:\/\/aytocastillodelocubin.org\/index.php?rest_route=\/wp\/v2\/pages\/3632\/revisions"}],"predecessor-version":[{"id":4338,"href":"https:\/\/aytocastillodelocubin.org\/index.php?rest_route=\/wp\/v2\/pages\/3632\/revisions\/4338"}],"wp:featuredmedia":[{"embeddable":true,"href":"https:\/\/aytocastillodelocubin.org\/index.php?rest_route=\/wp\/v2\/media\/1612"}],"wp:attachment":[{"href":"https:\/\/aytocastillodelocubin.org\/index.php?rest_route=%2Fwp%2Fv2%2Fmedia&parent=3632"}],"curies":[{"name":"wp","href":"https:\/\/api.w.org\/{rel}","templated":true}]}}