{"id":6032,"date":"2020-05-22T09:27:44","date_gmt":"2020-05-22T09:27:44","guid":{"rendered":"http:\/\/aytocastillodelocubin.org\/?page_id=6032"},"modified":"2024-10-17T08:26:03","modified_gmt":"2024-10-17T08:26:03","slug":"formularios","status":"publish","type":"page","link":"https:\/\/aytocastillodelocubin.org\/?page_id=6032","title":{"rendered":"Formularios Tr\u00e1mites"},"content":{"rendered":"<p style=\"text-align: left;\"><span style=\"text-decoration: underline; font-family: georgia, palatino, serif; font-size: 12pt;\"><strong>(Formularios autorellenables para enviar por correo electr\u00f3nico a info@aytocastillodelocubin.org)<\/strong><\/span><\/p>\n<ul>\n<li><strong><a href=\"https:\/\/aytocastillodelocubin.org\/wp-content\/uploads\/2020\/10\/certificado-urbanistico.pdf\" target=\"_blank\" rel=\"noopener noreferrer\">Certificado Urbanistico<\/a><\/strong><\/li>\n<li><strong><a href=\"https:\/\/aytocastillodelocubin.org\/wp-content\/uploads\/2023\/10\/Consulta-documentos-archivo.pdf\" target=\"_blank\" rel=\"noopener noreferrer\">Consulta Documentos Archivo Municipal<\/a><\/strong><\/li>\n<li><strong><a href=\"https:\/\/aytocastillodelocubin.org\/wp-content\/uploads\/2023\/02\/Declaracion-responsable-actuaciones-urbanisticas.pdf\" target=\"_blank\" rel=\"noopener noreferrer\">Declaracion Responsable Actuaciones Urbanisticas<\/a><\/strong><\/li>\n<li><strong><a href=\"https:\/\/aytocastillodelocubin.org\/wp-content\/uploads\/2020\/10\/SOLICITUD-DECLARACION-RESPOSABLE-GENERICA.pdf\" target=\"_blank\" rel=\"noopener noreferrer\">Declaraci\u00f3n Responsable Gen\u00e9rica<\/a><\/strong><\/li>\n<li><strong><a href=\"https:\/\/aytocastillodelocubin.org\/wp-content\/uploads\/2022\/01\/INSCRIPCION-ALTA-Y-CAMBIO-DE-DOMICILIO-AYUNTAMIENTO-CASTILLO-DE-LOCUBIN.pdf\" target=\"_blank\" rel=\"noopener noreferrer\">Solicitud Alta Padr\u00f3n de Habitantes\/Cambio de Domicilio\u00a0<\/a><\/strong><\/li>\n<li><strong><a href=\"https:\/\/aytocastillodelocubin.org\/wp-content\/uploads\/2020\/05\/SolicitudGenerica.pdf\" target=\"_blank\" rel=\"noopener noreferrer\">Solicitud Gen\u00e9rica<\/a><\/strong><\/li>\n<li><strong><a href=\"https:\/\/aytocastillodelocubin.org\/wp-content\/uploads\/2020\/06\/Solicitud-peticion-cita-previa.pdf\" target=\"_blank\" rel=\"noopener noreferrer\">Solicitud Peticion Cita Previa<\/a><\/strong><\/li>\n<li><strong><a href=\"https:\/\/aytocastillodelocubin.org\/wp-content\/uploads\/2023\/05\/SOLICITUD-DE-LICENCIA-DE-OBRAS-SUELO-NO-URBANIZABLE.pdf\" target=\"_blank\" rel=\"noopener noreferrer\">Solicitud Licencia Obra Menor Suelo No Urbanizable<\/a><\/strong><\/li>\n<li><a href=\"https:\/\/aytocastillodelocubin.org\/wp-content\/uploads\/2023\/05\/PLANTILLA-LICENCIA-OBRA-MAYOR.pdf\" target=\"_blank\" rel=\"noopener noreferrer\"><strong>Solicitud Licencia Obra Mayor<\/strong><\/a><\/li>\n<li><strong><a href=\"https:\/\/aytocastillodelocubin.org\/wp-content\/uploads\/2024\/10\/declaracion-responsable-quema.pdf\" target=\"_blank\" rel=\"noopener\">Autorizaci\u00f3n para uso de fuego en terreno forestal<\/a><\/strong><\/li>\n<\/ul>\n","protected":false},"excerpt":{"rendered":"<p>(Formularios autorellenables para enviar por correo electr\u00f3nico a info@aytocastillodelocubin.org) Certificado Urbanistico Consulta Documentos Archivo Municipal Declaracion Responsable Actuaciones Urbanisticas Declaraci\u00f3n Responsable Gen\u00e9rica Solicitud Alta Padr\u00f3n de Habitantes\/Cambio de Domicilio\u00a0 Solicitud Gen\u00e9rica Solicitud Peticion Cita Previa Solicitud Licencia Obra Menor Suelo No Urbanizable Solicitud Licencia Obra Mayor Autorizaci\u00f3n para uso de fuego en terreno forestal<\/p>\n","protected":false},"author":5,"featured_media":1613,"parent":0,"menu_order":0,"comment_status":"closed","ping_status":"closed","template":"","meta":{"footnotes":""},"_links":{"self":[{"href":"https:\/\/aytocastillodelocubin.org\/index.php?rest_route=\/wp\/v2\/pages\/6032"}],"collection":[{"href":"https:\/\/aytocastillodelocubin.org\/index.php?rest_route=\/wp\/v2\/pages"}],"about":[{"href":"https:\/\/aytocastillodelocubin.org\/index.php?rest_route=\/wp\/v2\/types\/page"}],"author":[{"embeddable":true,"href":"https:\/\/aytocastillodelocubin.org\/index.php?rest_route=\/wp\/v2\/users\/5"}],"replies":[{"embeddable":true,"href":"https:\/\/aytocastillodelocubin.org\/index.php?rest_route=%2Fwp%2Fv2%2Fcomments&post=6032"}],"version-history":[{"count":49,"href":"https:\/\/aytocastillodelocubin.org\/index.php?rest_route=\/wp\/v2\/pages\/6032\/revisions"}],"predecessor-version":[{"id":12724,"href":"https:\/\/aytocastillodelocubin.org\/index.php?rest_route=\/wp\/v2\/pages\/6032\/revisions\/12724"}],"wp:featuredmedia":[{"embeddable":true,"href":"https:\/\/aytocastillodelocubin.org\/index.php?rest_route=\/wp\/v2\/media\/1613"}],"wp:attachment":[{"href":"https:\/\/aytocastillodelocubin.org\/index.php?rest_route=%2Fwp%2Fv2%2Fmedia&parent=6032"}],"curies":[{"name":"wp","href":"https:\/\/api.w.org\/{rel}","templated":true}]}}