{"id":6761,"date":"2020-11-25T12:45:30","date_gmt":"2020-11-25T12:45:30","guid":{"rendered":"http:\/\/aytocastillodelocubin.org\/?page_id=6761"},"modified":"2024-10-21T11:14:44","modified_gmt":"2024-10-21T11:14:44","slug":"convenios","status":"publish","type":"page","link":"https:\/\/aytocastillodelocubin.org\/?page_id=6761","title":{"rendered":"Convenios"},"content":{"rendered":"<table style=\"border-collapse: collapse; width: 100.606%;\">\n<tbody>\n<tr>\n<td style=\"width: 171.646%; text-align: center;\" colspan=\"6\"><span style=\"color: #993366;\"><strong>REGLAMENTO DE TELETRABAJO DEL AYUNTAMIENTO DE CASTILLO DE LOCUBIN<\/strong><\/span><\/td>\n<\/tr>\n<tr>\n<td style=\"width: 33.3334%;\" colspan=\"2\">Aprobaci\u00f3n<\/td>\n<td style=\"width: 132.858%;\" colspan=\"3\">Sesi\u00f3n Ordinaria del pleno de 23 de Noviembre de 2021<\/td>\n<td style=\"width: 5.45448%;\"><a href=\"https:\/\/aytocastillodelocubin.org\/wp-content\/uploads\/2021\/12\/CERTIFICADO-ACUERDO-DE-PLENO-REGLAMENTO-DE-PRODUCTIVIDAD.pdf\" target=\"_blank\" rel=\"noopener noreferrer\"><img loading=\"lazy\" decoding=\"async\" class=\"size-full wp-image-8593 aligncenter\" src=\"https:\/\/aytocastillodelocubin.org\/wp-content\/uploads\/2021\/07\/imagen_pdf.gif\" alt=\"\" width=\"32\" height=\"32\" \/><\/a><\/td>\n<\/tr>\n<tr>\n<td style=\"width: 16.6667%;\" colspan=\"2\">Publicaci\u00f3n provisional<\/td>\n<td style=\"width: 132.858%;\" colspan=\"3\">BOP JA\u00c9N 15\/12\/2021<\/td>\n<td style=\"width: 5.45448%;\"><a href=\"https:\/\/aytocastillodelocubin.org\/wp-content\/uploads\/2021\/12\/BOP-2021-5789-APROBACION-INICIAL-REGLAMENTO-DE-TELETRABAJO.pdf\" target=\"_blank\" rel=\"noopener noreferrer\"><img loading=\"lazy\" decoding=\"async\" class=\"size-full wp-image-8593 aligncenter\" src=\"https:\/\/aytocastillodelocubin.org\/wp-content\/uploads\/2021\/07\/imagen_pdf.gif\" alt=\"\" width=\"32\" height=\"32\" \/><\/a><\/td>\n<\/tr>\n<tr>\n<td style=\"width: 16.6667%;\" colspan=\"2\">Publicaci\u00f3n definitiva<\/td>\n<td style=\"width: 132.858%;\" colspan=\"3\">BOP JA\u00c9N 21\/02\/2022<\/td>\n<td style=\"width: 5.45448%;\"><a href=\"https:\/\/aytocastillodelocubin.org\/wp-content\/uploads\/2022\/12\/REGLAMENTO-DEFINITIVO-TELETRABAJO.pdf\" target=\"_blank\" rel=\"noopener noreferrer\"><img loading=\"lazy\" decoding=\"async\" class=\"size-full wp-image-8593 aligncenter\" src=\"https:\/\/aytocastillodelocubin.org\/wp-content\/uploads\/2021\/07\/imagen_pdf.gif\" alt=\"\" width=\"32\" height=\"32\" \/><\/a><\/td>\n<\/tr>\n<\/tbody>\n<\/table>\n<p>&nbsp;<\/p>\n","protected":false},"excerpt":{"rendered":"<p>REGLAMENTO DE TELETRABAJO DEL AYUNTAMIENTO DE CASTILLO DE LOCUBIN Aprobaci\u00f3n Sesi\u00f3n Ordinaria del pleno de 23 de Noviembre de 2021 Publicaci\u00f3n provisional BOP JA\u00c9N 15\/12\/2021 Publicaci\u00f3n definitiva BOP JA\u00c9N 21\/02\/2022 &nbsp;<\/p>\n","protected":false},"author":5,"featured_media":683,"parent":0,"menu_order":0,"comment_status":"closed","ping_status":"closed","template":"","meta":{"footnotes":""},"_links":{"self":[{"href":"https:\/\/aytocastillodelocubin.org\/index.php?rest_route=\/wp\/v2\/pages\/6761"}],"collection":[{"href":"https:\/\/aytocastillodelocubin.org\/index.php?rest_route=\/wp\/v2\/pages"}],"about":[{"href":"https:\/\/aytocastillodelocubin.org\/index.php?rest_route=\/wp\/v2\/types\/page"}],"author":[{"embeddable":true,"href":"https:\/\/aytocastillodelocubin.org\/index.php?rest_route=\/wp\/v2\/users\/5"}],"replies":[{"embeddable":true,"href":"https:\/\/aytocastillodelocubin.org\/index.php?rest_route=%2Fwp%2Fv2%2Fcomments&post=6761"}],"version-history":[{"count":7,"href":"https:\/\/aytocastillodelocubin.org\/index.php?rest_route=\/wp\/v2\/pages\/6761\/revisions"}],"predecessor-version":[{"id":10615,"href":"https:\/\/aytocastillodelocubin.org\/index.php?rest_route=\/wp\/v2\/pages\/6761\/revisions\/10615"}],"wp:featuredmedia":[{"embeddable":true,"href":"https:\/\/aytocastillodelocubin.org\/index.php?rest_route=\/wp\/v2\/media\/683"}],"wp:attachment":[{"href":"https:\/\/aytocastillodelocubin.org\/index.php?rest_route=%2Fwp%2Fv2%2Fmedia&parent=6761"}],"curies":[{"name":"wp","href":"https:\/\/api.w.org\/{rel}","templated":true}]}}