{"id":759,"date":"2017-07-10T07:19:06","date_gmt":"2017-07-10T07:19:06","guid":{"rendered":"http:\/\/aytocastillodelocubin.org\/?page_id=759"},"modified":"2017-10-05T09:31:18","modified_gmt":"2017-10-05T09:31:18","slug":"alfavila","status":"publish","type":"page","link":"https:\/\/aytocastillodelocubin.org\/?page_id=759","title":{"rendered":"Alf\u00e1vila"},"content":{"rendered":"<p class=\"mg-sm text-justify\" align=\"justify\">Los cortijos de la zona se dedican a la agricultura y la ganader\u00eda. Tuvo en activo los primeros tercios del siglo XX una escuela de primaria a la que acud\u00edan ni\u00f1os y ni\u00f1as de la propia aldea y de los cortijos cercanos, lo que demuestra que en esa \u00e9poca estuvo m\u00e1s poblada. Actualmente, su poblaci\u00f3n ha disminuido considerablemente.<\/p>\n","protected":false},"excerpt":{"rendered":"<p>Los cortijos de la zona se dedican a la agricultura y la ganader\u00eda. Tuvo en activo los primeros tercios del siglo XX una escuela de primaria a la que acud\u00edan ni\u00f1os y ni\u00f1as de la propia aldea y de los cortijos cercanos, lo que demuestra que en esa \u00e9poca estuvo m\u00e1s poblada. Actualmente, su poblaci\u00f3n [&hellip;]<\/p>\n","protected":false},"author":1,"featured_media":0,"parent":0,"menu_order":0,"comment_status":"closed","ping_status":"closed","template":"","meta":{"footnotes":""},"_links":{"self":[{"href":"https:\/\/aytocastillodelocubin.org\/index.php?rest_route=\/wp\/v2\/pages\/759"}],"collection":[{"href":"https:\/\/aytocastillodelocubin.org\/index.php?rest_route=\/wp\/v2\/pages"}],"about":[{"href":"https:\/\/aytocastillodelocubin.org\/index.php?rest_route=\/wp\/v2\/types\/page"}],"author":[{"embeddable":true,"href":"https:\/\/aytocastillodelocubin.org\/index.php?rest_route=\/wp\/v2\/users\/1"}],"replies":[{"embeddable":true,"href":"https:\/\/aytocastillodelocubin.org\/index.php?rest_route=%2Fwp%2Fv2%2Fcomments&post=759"}],"version-history":[{"count":5,"href":"https:\/\/aytocastillodelocubin.org\/index.php?rest_route=\/wp\/v2\/pages\/759\/revisions"}],"predecessor-version":[{"id":1877,"href":"https:\/\/aytocastillodelocubin.org\/index.php?rest_route=\/wp\/v2\/pages\/759\/revisions\/1877"}],"wp:attachment":[{"href":"https:\/\/aytocastillodelocubin.org\/index.php?rest_route=%2Fwp%2Fv2%2Fmedia&parent=759"}],"curies":[{"name":"wp","href":"https:\/\/api.w.org\/{rel}","templated":true}]}}