{"id":871,"date":"2017-07-11T07:35:58","date_gmt":"2017-07-11T07:35:58","guid":{"rendered":"http:\/\/aytocastillodelocubin.org\/?page_id=871"},"modified":"2017-10-05T11:37:17","modified_gmt":"2017-10-05T11:37:17","slug":"fiesta-de-los-chopos","status":"publish","type":"page","link":"https:\/\/aytocastillodelocubin.org\/?page_id=871","title":{"rendered":"Fiestas en honor a la Virgen de F\u00e1tima"},"content":{"rendered":"<p class=\"mg-sm text-justify\" align=\"justify\">En la pedan\u00eda de \u201c<a href=\"https:\/\/aytocastillodelocubin.org\/?page_id=756\">Los Chopos<\/a>\u201d se encuentra una peque\u00f1a ermita en la que se venera la imagen de la Virgen de F\u00e1tima, que se celebra su fiesta el d\u00eda 13 de Mayo (supuestamente, el primer d\u00eda de la aparici\u00f3n de la virgen en Cova da Iria, Portugal ). En Los Chopos, se celebra una misa en su honor, y posteriormente, se realiza una procesi\u00f3n por los alrededores con la imagen de la Virgen de F\u00e1tima, acompa\u00f1ada por los distintos representantes de otras cofrad\u00edas y hermandades y de la Agrupaci\u00f3n Musical.<\/p>\n","protected":false},"excerpt":{"rendered":"<p>En la pedan\u00eda de \u201cLos Chopos\u201d se encuentra una peque\u00f1a ermita en la que se venera la imagen de la Virgen de F\u00e1tima, que se celebra su fiesta el d\u00eda 13 de Mayo (supuestamente, el primer d\u00eda de la aparici\u00f3n de la virgen en Cova da Iria, Portugal ). En Los Chopos, se celebra una [&hellip;]<\/p>\n","protected":false},"author":1,"featured_media":0,"parent":0,"menu_order":0,"comment_status":"closed","ping_status":"closed","template":"","meta":{"footnotes":""},"_links":{"self":[{"href":"https:\/\/aytocastillodelocubin.org\/index.php?rest_route=\/wp\/v2\/pages\/871"}],"collection":[{"href":"https:\/\/aytocastillodelocubin.org\/index.php?rest_route=\/wp\/v2\/pages"}],"about":[{"href":"https:\/\/aytocastillodelocubin.org\/index.php?rest_route=\/wp\/v2\/types\/page"}],"author":[{"embeddable":true,"href":"https:\/\/aytocastillodelocubin.org\/index.php?rest_route=\/wp\/v2\/users\/1"}],"replies":[{"embeddable":true,"href":"https:\/\/aytocastillodelocubin.org\/index.php?rest_route=%2Fwp%2Fv2%2Fcomments&post=871"}],"version-history":[{"count":7,"href":"https:\/\/aytocastillodelocubin.org\/index.php?rest_route=\/wp\/v2\/pages\/871\/revisions"}],"predecessor-version":[{"id":1898,"href":"https:\/\/aytocastillodelocubin.org\/index.php?rest_route=\/wp\/v2\/pages\/871\/revisions\/1898"}],"wp:attachment":[{"href":"https:\/\/aytocastillodelocubin.org\/index.php?rest_route=%2Fwp%2Fv2%2Fmedia&parent=871"}],"curies":[{"name":"wp","href":"https:\/\/api.w.org\/{rel}","templated":true}]}}